ed by b(s)?
3
Let q(y) = -3*y + 8*y**2 + 2 - 2. Let j(o) = -5*o + 173. Let t be j(34). Calculate the remainder when q(t) is divided by 8.
7
Let i be (4/2)/((-10)/540). Let b = -47 - i. What is the remainder when b is divided by 31?
30
Let b(t) = -2*t**3 - 8*t**2 + 33*t - 5. Calculate the remainder when b(-9) is divided by 34.
32
Let o = 95 - 18. Suppose -2*r + 11 = -3*v - 49, -104 = -5*r - 4*v. Let m = -4 + r. What is the remainder when o is divided by m?
17
Suppose -2*m - 3*c - 82 = c, 2*m - 5*c = -37. Let r be 456/(-21) - (-8)/(-28). Let k = r - m. Calculate the remainder when k is divided by 4.
1
Let m be (480/25)/((-2)/10). Let v = m - -149. Suppose 0 = -3*l + 7*l - 3*n - v, -5*l + 72 = 2*n. Calculate the remainder when 40 is divided by l.
12
Calculate the remainder when 123 is divided by (0 - -30)*576/240.
51
Let b = -424 - -635. Let i = b + -80. Suppose -l + 1 = 0, 2*y + y = 4*l + i. Calculate the remainder when y is divided by 16.
13
What is the remainder when 68/(-85) + (-2397)/(-15) is divided by 20?
19
Let g(u) = u**3 - 11*u**2 + 2*u - 11. Let h be g(11). Suppose 0 = h*r - 7*r - 116. What is the remainder when 113 is divided by r?
26
Calculate the remainder when ((-54)/(-4))/(3*2/204) is divided by 10.
9
Let v = 12 - -116. Let n = v + -55. Suppose 0 = -2*a + 22 + 16. Calculate the remainder when n is divided by a.
16
Let d = 3364 + -3058. What is the remainder when d is divided by 149?
8
Suppose 4*r = 3*j - 84 + 16, -41 = -j + 5*r. Suppose -2*g + j = m, 2*g = 1 - 5. Calculate the remainder when m is divided by 8.
4
Let u(f) = f**3 - 6*f + 13. Calculate the remainder when u(3) is divided by 15.
7
Let f(i) = -12*i**3 - 5*i**2 - 6*i - 2. What is the remainder when 50 is divided by f(-1)?
6
Suppose 329 = 79*v - 32*v. Suppose 0 = -w - 2*w + 6. Suppose -2*l - 5*s = -2 - 9, w*l + 3*s = 21. What is the remainder when l is divided by v?
4
What is the remainder when 5*12*2/10 is divided by 7?
5
Let r = -8 - -12. Let j(w) = -2*w + 8. Let f be j(11). Calculate the remainder when 1 + -3 - 154/f is divided by r.
1
Suppose 5*d = 99 - 599. Calculate the remainder when 26 is divided by (((-6)/4)/1)/(15/d).
6
Suppose 12*m - 93 = 8*m - 3*d, -2*m + 50 = -2*d. Calculate the remainder when 30 is divided by m.
6
Let c = 1178 + -928. Calculate the remainder when c is divided by 21.
19
Suppose 4*q - 1 = 15, -5*q - 556 = -4*y. Let i = -116 + y. Calculate the remainder when 83 is divided by i.
27
Let w(t) = t**2 + 9*t + 21. Calculate the remainder when 66 is divided by w(-7).
3
Let u(h) = h + 8. Suppose -5*r + 16 = 16. Calculate the remainder when 23 is divided by u(r).
7
Suppose 9*g = 10*g - 4. Suppose 3*u - g*u = -s - 130, 2*u - 256 = 3*s. What is the remainder when u is divided by 27?
26
Suppose 0 = -22*z + 25*z - 30. Calculate the remainder when 27 is divided by z.
7
Let o = -791 - -813. What is the remainder when 33 is divided by o?
11
Suppose -11*z + z = -1270. Let o = -117 + z. Calculate the remainder when 23 is divided by o.
3
Let o be (-11 + -3)*(-5)/10. Let i = o - -12. Calculate the remainder when i is divided by 2.
1
Let n(d) = -2*d**2 + 15*d + 23. Let b be n(9). Calculate the remainder when 117 is divided by ((-10)/8)/(b/48).
12
Suppose 45*q - 40 = 35*q. What is the remainder when 45 is divided by q?
1
Suppose -3*a = -5*a - 2. Let k = a + 22. What is the remainder when k is divided by (-44)/8*24/(-22)?
3
Let b be ((-2)/2 - 0)*(-39 - -36). Suppose -532 = -4*u - 0*n + b*n, -u = -2*n - 133. Calculate the remainder when u is divided by 23.
18
Suppose 0 = 3*c - 2*c - 4*q + 7, -2*c - 2 = -4*q. Suppose -5*j = -6*j + c. What is the remainder when 27 is divided by j?
2
Let c = 135 + -122. Calculate the remainder when 99 is divided by c.
8
Let k(c) = -11*c - 3. Suppose f + 2 - 30 = 3*b, -b + 35 = 2*f. Let w = -22 + f. Calculate the remainder when k(w) is divided by 11.
8
Suppose 0*u - 4*u + 132 = 0. Let q = 42 - 30. What is the remainder when u is divided by q?
9
Let b(n) = n**3 + 6*n**2 - 8*n - 3. Let l be b(-7). Suppose l*t - 4*m - 436 = 0, -8*m = t - 4*m - 84. Calculate the remainder when t is divided by 21.
20
Suppose -4*a - 36 = -88. What is the remainder when (7056/28)/((1 + -6 - -5) + 2) is divided by a?
9
Suppose 15*t - 135 = 6*t. Calculate the remainder when 809 is divided by t.
14
Let c = -139 + 91. Let n = c + 88. What is the remainder when 77 is divided by n?
37
What is the remainder when 298 is divided by 22 + -10*(-2)/(-4)?
9
Let v be (5 - 146/2)*-2. Suppose -2*g + c + v = 0, -4*g - 3*c + 69 = -203. What is the remainder when g is divided by 26?
16
Suppose 4*l + 3*x = 19, x - 38 = -5*l + 2*x. Suppose 0 = -2*y + 5*p + 2*p + 29, -4*p = -2*y + 26. What is the remainder when y is divided by l?
4
Suppose 0 = -4*n, 3*z + 3*n = 5*n + 198. Let q = 69 - z. What is the remainder when 11 is divided by q?
2
Let i = -43 - -27. Let s = -13 - i. Let c(k) = k**3 - 3*k**2 + 3. Calculate the remainder when 11 is divided by c(s).
2
Let x(t) = 4*t**2 + 2*t + 10. Let d be x(6). Suppose 3*j - 217 = -5*p + d, -p + 125 = j. Calculate the remainder when j is divided by 41.
39
Let r(c) = c**3 - 2*c**2 - 2*c - 1. Calculate the remainder when r(4) is divided by (-28)/(-10) - 12/(-60).
2
Let m = -72 + 121. Let x = m + -43. Calculate the remainder when 21 is divided by x.
3
Let y = 141 + -69. Suppose -y = -3*v - t - 0*t, -3*t = 0. Let x = v - 8. What is the remainder when x is divided by 9?
7
Let w be 0/1*(-5)/(-10). Suppose -4*z + w*z + 44 = 0. Suppose 0 = -7*u - 29 + 232. Calculate the remainder when u is divided by z.
7
Let w(l) = l**2 - 3*l + 7. Calculate the remainder when w(-7) is divided by 9.
5
Let y(v) = -v**3 + 11*v**2 - 186*v + 1186. Calculate the remainder when y(7) is divided by -2*18/(-8)*2.
8
Suppose 57*b + 28 = 2*h + 55*b, 86 = 4*h + 2*b. What is the remainder when 188 is divided by h?
17
Let y(u) = 776*u**2 - u - 1. Let d be y(1). Suppose d = 4*x - 206. Suppose -6*f + x = -187. Calculate the remainder when f is divided by 19.
15
Suppose -14*b = -4*b + 1130. Let g = 124 + b. What is the remainder when 75 is divided by g?
9
Suppose 2*z + 4*o = 14, 3*z - z = 2*o + 8. Suppose -f = -2*s + 81, 2*f - 33 = -s + 5*f. What is the remainder when s is divided by z?
2
Let r be (-496)/(-10) - (-4)/10. Suppose -v + 0 = 4*y - 15, r = 2*v - 2*y. Suppose 24 = 2*i - 62. What is the remainder when i is divided by v?
20
Let a(g) = -4*g**3 + 4*g**2 - 2*g - 6. What is the remainder when a(-4) is divided by 13?
10
Suppose -11*m + 3752 - 1167 = 0. What is the remainder when m is divided by 14?
11
Suppose 11 = -11*u - 0*u. Calculate the remainder when 54 is divided by (2 + u)/((-5 + 11)/90).
9
Suppose -903 - 15 = -9*d. What is the remainder when d is divided by 22?
14
Suppose -1386 = -36*q + 522. Calculate the remainder when q is divided by 29.
24
Let o(g) = g - 2 - 1 + 2 + 0*g - 30*g**2. Let q(a) = 120*a**2 - 3*a + 4. Let t(s) = -9*o(s) - 2*q(s). Calculate the remainder when t(2) is divided by 39.
37
Let r = -13 + 13. What is the remainder when (-69)/(-2 + 1 - r) is divided by 18?
15
Let r be (30/9*6)/1. Let k be (27/18)/(6/r). Suppose k*m - 12 = 8. Calculate the remainder when m is divided by 2.
0
Let w = -73 + 132. Let k(p) = 4 - 16 + 17 - p + 13. What is the remainder when w is divided by k(3)?
14
Suppose -2*t - 133 = -177. What is the remainder when 60 is divided by t?
16
Let l(t) = 7 - 34 + t + 38. Let p = 6 + -11. Calculate the remainder when 16 is divided by l(p).
4
Let y(f) = f + 2. Let k be y(0). Let q be 14*((-6)/4 + k). Suppose u - 3 = -w + q, 0 = 4*w - 2*u - 22. What is the remainder when 25 is divided by w?
4
Let j be (-10)/4*16/(-10). Suppose 4*n - 2*r + 23 = -r, 0 = -4*r - j. Let c(l) = -l - 1. What is the remainder when 8 is divided by c(n)?
3
Suppose 40*y - 38*y = 28. What is the remainder when y is divided by 11?
3
Suppose 4*p - 8 = -0. Suppose -p*m - 3*m = -105. Let k(j) = j**3 + 8*j**2 + 2*j - 3. What is the remainder when k(-5) is divided by m?
20
Let r(a) = -a + 12. Let i be r(10). Let d = -8 + 21. Calculate the remainder when d is divided by 1 + 2 - (i - 3).
1
Let m(g) = g**2 - 9*g - 17. Let i be m(7). Let r = i + 60. Suppose 3*w + 236 = 2*x, 2*x - w - 228 = -0*x. What is the remainder when x is divided by r?
25
Let z = -407 + 794. What is the remainder